 3 composite?
True
Is (36289/(-1))/((-11)/11) composite?
True
Let h be ((-63)/(-14))/(9/12 + -1). Is (-11)/(693/(-14)) - 7034/h a composite number?
True
Suppose 24*n = -25*n + 414491. Is n a prime number?
False
Suppose -3*t + 86517 = 5703. Is t prime?
False
Suppose -5*u - 1 = 4. Let d(w) = -4*w**3 - w**2 - w - 1. Let i be d(u). Suppose -14 = 3*v - 5*v - i*h, 3*h + 28 = 4*v. Is v a prime number?
True
Let f(p) = -2*p**3 + 4*p**2 - 20*p + 11. Let k be 2 - -2 - 16 - 2. Is f(k) prime?
True
Let v = 31 - 26. Suppose 3*g + 0*g - v*a - 2353 = 0, -1566 = -2*g + 2*a. Is g a prime number?
False
Let q(b) be the third derivative of 38*b**4/3 - 7*b**3/6 + 14*b**2. Is q(6) a composite number?
True
Let h(q) = q**3 - q**2 + 3*q + 721. Suppose -58*z = -61*z. Is h(z) composite?
True
Let y(z) = 4 + 3*z + 54*z**2 - z - 12 - 1. Is y(4) composite?
False
Let l be (-25)/10*(0 - 2). Suppose a + 4*c + 9 = 0, -l*a - 4*c = c. Suppose a*u = -3*u + 2406. Is u composite?
False
Let g = 5672 - 287. Let o be g/20 + (-2)/8. Let c = o - 190. Is c prime?
True
Let a(d) = -45*d + 14. Suppose 0 = 6*h + 39 + 15. Is a(h) composite?
False
Let a(d) = 1. Let f(z) = -106*z - 2. Let r(k) = -107*k - 1. Let g(p) = 4*f(p) - 3*r(p). Let b(i) = 2*a(i) + g(i). Is b(-2) a prime number?
False
Suppose 0 = -2*s + 4*s - 14. Suppose -s*p + 3145 = -2*p. Is p a prime number?
False
Let h(t) = 12 - 3 + 2 + 165*t + 37*t. Is h(2) a prime number?
False
Let f = 2401 + 26236. Is f a prime number?
False
Suppose 0 = 16*f - 2249 + 697. Suppose -1206 = -f*j + 91*j. Is j a composite number?
True
Let h = 665 - 568. Suppose -2*t = -7*t - 2020. Let b = h - t. Is b prime?
False
Let q be (-156 - -2) + -5 + 5 + 2. Let m = q - -401. Is m prime?
False
Let n(r) = -r**3 + 2*r**2 - r. Let p be n(1). Suppose -5*h + p = c - 15, -4*h = -5*c - 41. Is 318/h*32/24 a composite number?
True
Let n(h) = h**3 + 5*h**2 - 7*h - 7. Let f be n(-6). Let j be -1 - f - (-12232)/11. Is (-10)/50 + j/10 a prime number?
False
Let s(g) = 53*g**2 + 5*g + 15. Let i be s(-6). Suppose 0*d - i = -3*d. Is d a prime number?
True
Let y(z) be the second derivative of -z**5/60 + z**4/24 + 83*z**3/6 - 2*z**2 + 6*z. Let j(b) be the first derivative of y(b). Is j(0) a composite number?
False
Suppose -35*z = -83*z + 3170064. Is z a composite number?
True
Suppose 4*n + 2*z + z = 36962, 5*n - 46197 = -z. Is n composite?
False
Let a = 42 + -37. Suppose g = a*g - 8212. Is g a prime number?
True
Suppose 4 + 12 = -4*i. Let g be 267 - (-6 + i + 8). Let x = g + -163. Is x a prime number?
False
Let j = 529 - 364. Let x be (4 - -1)*1150/125. Suppose -i + j = -x. Is i a composite number?
False
Suppose -2*z = -4*y + 8, -4*z = 4*y + 19 - 3. Is (249 - 1) + (1 - y) a composite number?
True
Is (2 + -1)*(-1)/((-5)/180205) prime?
False
Let i = 17 - 10. Suppose i*p = 6*p + 64. Let u = 27 + p. Is u a prime number?
False
Let s(a) = 7*a - 9. Let z(b) = -4*b + 5. Let v(i) = -3*s(i) - 5*z(i). Let k be v(-2). Suppose 0 = -k*c + c + 381. Is c a composite number?
False
Let n(y) = -265*y**3 - y**2 - y + 2. Let g(d) = -265*d**3 - d**2 - d + 3. Let i(j) = -2*g(j) + 3*n(j). Is i(-1) composite?
True
Let g = -7 + 11. Suppose -5*l - t = 1 - 10, -6 = -g*l - 2*t. Suppose 0 = l*h - 3*h + 6. Is h prime?
False
Suppose -7798*i + 7795*i + 57471 = 0. Is i a prime number?
True
Suppose 2 = 2*y - 2. Suppose y*b + 10420 = 6*b. Is b a composite number?
True
Suppose 4*s = 5*p - 29067, 0 = -2*p + 5*p - 2*s - 17441. Is p prime?
False
Let w(j) = -7*j**3 + 4*j**2 + 8*j - 3. Let x(v) = 20*v**3 - 11*v**2 - 24*v + 8. Let y(i) = -17*w(i) - 6*x(i). Is y(-5) composite?
True
Suppose 2*r + 15427 = 3*t, 2*r + 20568 = t + 3*t. Is t prime?
False
Let y = 2902 + -5648. Let z = -1527 - y. Is z composite?
True
Suppose 3*d + 5574 + 12726 = 4*s, 18332 = 4*s + 5*d. Let m = -2737 + s. Is m a prime number?
False
Let m be (-36)/(-63) - 158/7. Let w = m - -34. Suppose -340 = -w*g + 8*g. Is g a composite number?
True
Let v = 9 + -7. Suppose 0 = l + v*l - 5097. Suppose 3*i + 0*m + 4*m = l, -2*m = 4*i - 2262. Is i prime?
False
Let k = -34 - -39. Suppose 0*q - 105 = -k*q. Is q prime?
False
Let k(p) = 113*p**2 - 12*p - 17. Is k(14) composite?
True
Suppose -43*t + 4*t + 67665 = 0. Is t a prime number?
False
Suppose 4*y + 37559 = 5*i + 2*y, 4*i + 5*y = 30067. Is i prime?
False
Is (3 - 2)*6*4996/8 a prime number?
False
Suppose 3*j + 57 = 4*d, 0 = 2*d + 5*j - 0*j - 61. Suppose -4*b = 2*u + 2*u, -4*u - 20 = -b. Is u/d + (-5321)/(-9) a prime number?
False
Let n(r) = 20*r**2 + 13*r - 218. Is n(-31) composite?
True
Let d be ((-20)/(-16))/(1/(-8)). Let o be 4/d + 8/20. Suppose q - 21 = -o*q. Is q a composite number?
True
Let w = 2 + 2. Let a be (86 + -4)*(-6)/w. Let l = a - -494. Is l a prime number?
False
Let l = 1624 + -876. Suppose 3*h = -o + l, -4245 = -5*o - h - 547. Is o a prime number?
True
Suppose -9371 = -2*q + 9683. Is q composite?
True
Let g(l) = 2*l + 5*l - 7*l**2 - 4*l + 8*l**2 - 4. Let t be g(-5). Let m(b) = 2*b**2 - 10*b + 7. Is m(t) a composite number?
False
Let j(a) = 8*a - 3*a + 2 - 3 - 2 + a**2. Let v be j(-6). Suppose -4*h + 21 = -5*l - 546, 432 = v*h + 3*l. Is h a composite number?
True
Suppose -2*z + 15 = -5*o, -o + 6 = z + 2. Suppose -z*d + 231 = 2*i, -3*d - 3*i = -0*d - 135. Is d composite?
False
Let v(b) = b**3 - 12*b**2 - b + 17. Let n be v(12). Suppose -n*l + 234 = -551. Is l a composite number?
False
Let v(z) = 4*z**3 + 2*z**2 + 3*z - 3. Let s be v(2). Suppose s = 3*p - 59. Is p a composite number?
True
Let x(m) = 25*m**2 + 7*m - 5. Suppose -15 + 39 = 4*z. Is x(z) prime?
True
Let t be ((31 - 1) + 2)*10. Let v = -133 - -326. Let q = t - v. Is q prime?
True
Let o = -20834 - -49387. Is o prime?
False
Let k(x) = -x + 18. Let b be k(16). Is 6/(-2) - ((-1688)/b)/2 a composite number?
False
Let m(t) = 3*t - 1. Let s be m(4). Suppose -3 + s = -2*d. Let a(o) = 3*o**2 + 2*o - 3. Is a(d) a composite number?
False
Let n = -3966 + 8605. Suppose 4*o = -4541 - n. Let v = -1618 - o. Is v prime?
True
Suppose 12*g - 397317 = 88095. Is g prime?
False
Let n = 2756 + -1555. Is n prime?
True
Let g = -78 + 83. Suppose -g*z - 735 + 9850 = 0. Is z composite?
False
Let v(s) = -35*s**2 - 3*s + 48. Let x(g) = -17*g**2 - 2*g + 24. Let b(p) = 4*v(p) - 9*x(p). Is b(5) a composite number?
False
Suppose -l + 4*o = -0*l + 1771, 5*o = 2*l + 3557. Let q = 110 - l. Is q a prime number?
True
Suppose -3512*u - 286430 = -3522*u. Is u a prime number?
True
Let a = 2814 + -1580. Is a a composite number?
True
Suppose -40*c = -106354 - 58086. Is c prime?
True
Let u = 28473 - 17260. Is u a composite number?
False
Suppose 4*l + 22 = -6. Let k(m) = m**3 + 8*m**2 + 8*m + 4. Let s be k(l). Is (-7940)/(-24) - s/18 a composite number?
False
Let g(a) = 15*a**2 + 6*a. Let i be g(-3). Suppose -248 = -4*p + 4*u + u, 4*u = -2*p + 124. Let q = i - p. Is q composite?
True
Let s(c) be the second derivative of 377*c**7/2520 + c**6/360 + c**5/60 + 3*c**4/4 + c. Let k(x) be the third derivative of s(x). Is k(-1) a composite number?
True
Let f = 3042 + 3337. Is f prime?
True
Suppose -72*i + 73*i = 2609. Is i a prime number?
True
Let j = -195 + 3217. Is j prime?
False
Let c be (5/60*8)/(4/690). Let o = c + -50. Is o prime?
False
Suppose 0 = -2*i - j - 0*j - 6, 4*i = 4*j - 24. Let b = 10 + i. Let c(n) = n**3 + 7*n**2 + 5*n - 1. Is c(b) composite?
True
Let h(p) = 3. Let m(n) = -1. Let k(z) = h(z) + 12*m(z). Let f(y) = -y - 27. Let o(a) = -6*f(a) + 17*k(a). Is o(10) a composite number?
True
Suppose 463*p - 146008 = 459*p. Is p a composite number?
True
Is (-6)/(-4) + 549786/12 a prime number?
True
Let i = -195 - -1488. Is i a composite number?
True
Let h be (-41)/4 + ((-54)/(-24))/9. Let c(a) = a**3 + 10*a**2 - 5*a + 8. Is c(h) a prime number?
False
Suppose -3*z = -8*z - 15, -k - 2*z = -17311. Is k a composite number?
False
Suppose -4*w - 42 = -3*o, 2*o + 2*o = -5*w - 68. Is (-284)/(-2) - w/4 prime?
False
Let a = -132967 + 231218. Is a a composite number?
False
Let u(k) be the second derivative of k**5/20 - k**4/12 - 8*k**2 - k. Let o be u(0). Let r(m) = -m**2 - 29*m + 3. Is r(o) composite?
False
Is 2924 + 3 + -2 + 2 a composite number?
False
Suppose -2*n = 2*o - 48, 0 = -0*n + 5*n + 4*o - 115. Suppose 6*z - 71 = n. Is z prime?
False
Suppose x + 5*v - 66622 = 0, -2*x - 2*v = -5*v - 133